
Is 2899 a composite number?
True
Is 189479 composite?
False
Is 197993 a prime number?
False
Is 58043 a prime number?
True
Is 34009 a prime number?
False
Is 172911 prime?
False
Is 19841 a composite number?
False
Is 82403 a prime number?
False
Is 127027 a prime number?
False
Is 11287 a prime number?
True
Is 38693 a composite number?
False
Is 2959 composite?
True
Is 292969 prime?
True
Is 5399 a prime number?
True
Is 158059 a composite number?
True
Is 103 prime?
True
Is 664949 prime?
True
Is 113311 composite?
True
Is 38765 composite?
True
Is 1294393 prime?
True
Is 1019173 prime?
True
Is 153247 a prime number?
True
Is 6469 prime?
True
Is 5071 prime?
False
Is 6153349 composite?
False
Is 273461 a composite number?
True
Is 583 a composite number?
True
Is 1883 prime?
False
Is 442721 a composite number?
False
Is 26747 composite?
True
Is 17321 a prime number?
True
Is 104441 a prime number?
False
Is 47627 a prime number?
False
Is 456697 composite?
False
Is 7041 a composite number?
True
Is 111009 prime?
False
Is 162581 prime?
False
Is 40881 composite?
True
Is 2878 a composite number?
True
Is 9977 composite?
True
Is 104947 a prime number?
True
Is 30539 prime?
True
Is 27427 prime?
True
Is 20413 a composite number?
True
Is 2249911 prime?
True
Is 319313 composite?
False
Is 31897 prime?
False
Is 407143 prime?
False
Is 5095 composite?
True
Is 2789 prime?
True
Is 85471 a composite number?
True
Is 14695 prime?
False
Is 44953 a composite number?
False
Is 356938 composite?
True
Is 1465909 composite?
True
Is 8803 composite?
False
Is 14779 a composite number?
False
Is 45022 a prime number?
False
Is 352931 a prime number?
True
Is 426599 prime?
False
Is 730537 a prime number?
True
Is 82163 a composite number?
False
Is 55661 composite?
False
Is 127349 composite?
True
Is 345079 a composite number?
True
Is 277157 prime?
True
Is 86299 composite?
True
Is 11983 a prime number?
False
Is 91453 prime?
True
Is 119027 a composite number?
False
Is 4989 a composite number?
True
Is 31219 a prime number?
True
Is 1741 composite?
False
Is 14591 prime?
True
Is 7019 prime?
True
Is 8999 a composite number?
False
Is 116351 prime?
True
Is 4478857 a prime number?
True
Is 166 prime?
False
Is 86323 composite?
False
Is 17809 prime?
False
Is 65323 composite?
False
Is 3385 a composite number?
True
Is 45943 composite?
False
Is 165173 prime?
True
Is 81847 a prime number?
True
Is 138493 a prime number?
True
Is 42467 composite?
False
Is 145771 prime?
True
Is 64373 a prime number?
True
Is 8803 a prime number?
True
Is 13745 a composite number?
True
Is 35193 a prime number?
False
Is 67741 composite?
False
Is 597689 composite?
False
Is 14281 a composite number?
False
Is 457 prime?
True
Is 232049 composite?
False
Is 135419 prime?
False
Is 979 a composite number?
True
Is 270563 a prime number?
True
Is 1473149 a prime number?
True
Is 1158169 a composite number?
True
Is 34939 a prime number?
True
Is 46789 a composite number?
True
Is 6899 prime?
True
Is 37889 prime?
True
Is 40505 a composite number?
True
Is 34919 composite?
False
Is 19911 composite?
True
Is 236207 prime?
True
Is 4079 a prime number?
True
Is 4007 prime?
True
Is 3989 a prime number?
True
Is 27043 a prime number?
True
Is 871 a prime number?
False
Is 16387 a composite number?
True
Is 45039 composite?
True
Is 8054 a composite number?
True
Is 70937 composite?
False
Is 307783 a composite number?
True
Is 137623 prime?
True
Is 3639 prime?
False
Is 25183 composite?
False
Is 173669 a composite number?
False
Is 581393 composite?
False
Is 860939 a prime number?
True
Is 86795 composite?
True
Is 49157 a prime number?
True
Is 5591 composite?
False
Is 626323 a composite number?
False
Is 159191 composite?
False
Is 395491 a prime number?
True
Is 2292437 composite?
True
Is 435529 composite?
False
Is 134913 a prime number?
False
Is 15245 composite?
True
Is 23963 prime?
False
Is 25867 a prime number?
True
Is 34115 composite?
True
Is 1904371 a prime number?
False
Is 98057 prime?
True
Is 1206698 prime?
False
Is 3239 a prime number?
False
Is 2671033 a prime number?
True
Is 6599 prime?
True
Is 3863 a composite number?
False
Is 282253 a prime number?
True
Is 65077 prime?
False
Is 451403 composite?
True
Is 1828019 a composite number?
False
Is 4471 a prime number?
False
Is 268063 composite?
False
Is 11519 a prime number?
True
Is 12571 prime?
False
Is 16531 prime?
False
Is 424961 prime?
True
Is 213713 prime?
True
Is 1052615 prime?
False
Is 502919 a prime number?
True
Is 31883 composite?
False
Is 8315 a composite number?
True
Is 517 a composite number?
True
Is 21635 a prime number?
False
Is 337019 composite?
True
Is 99437 a prime number?
False
Is 446881 prime?
True
Is 42169 composite?
False
Is 575467 a prime number?
False
Is 1057087 a composite number?
False
Is 77471 composite?
False
Is 38431 a composite number?
False
Is 164342 a prime number?
False
Is 1313 prime?
False
Is 432227 prime?
True
Is 5737 a composite number?
False
Is 2099 a composite number?
False
Is 58879 prime?
False
Is 653738 prime?
False
Is 29239 a prime number?
False
Is 10405 prime?
False
Is 6709 composite?
False
Is 41219 a composite number?
True
Is 1671 prime?
False
Is 456329 a composite number?
False
Is 130681 a prime number?
True
Is 1657 composite?
False
Is 473639 composite?
True
Is 12031 a prime number?
False
Is 5557 a prime number?
True
Is 95111 a composite number?
False
Is 24251 a prime number?
True
Is 163561 a prime number?
True
Is 214637 prime?
False
Is 4423 prime?
True
Is 35011 composite?
True
Is 2593277 composite?
False
Is 49763 a prime number?
False
Is 103579 prime?
False
Is 626597 a composite number?
False
Is 243073 a prime number?
True
Is 61961 composite?
False
Is 4561 composite?
False
Is 21729 a prime number?
False
Is 45841 a prime number?
True
Is 1053179 composite?
False
Is 15 composite?
True
Is 32687 prime?
True
Is 8453 composite?
True
Is 126361 prime?
False
Is 14759 a prime number?
True
Is 766183 prime?
False
Is 3991 a composite number?
True
Is 103957 a prime number?
False
Is 3889 a prime number?
True
Is 7453 prime?
False
Is 538537 a prime number?
False
Is 17231 prime?
True
Is 11777 prime?
True
Is 81821 composite?
True
Is 15497 composite?
False
Is 73937 a composite number?
True
Is 412457 a prime number?
True
Is 14941 a composite number?
True
Is 20861 a composite number?
True
Is 30133 composite?
False
Is 596317 a composite number?
False
Is 2173805 a composite number?
True
Is 182057 a prime number?
True
Is 183761 a composite number?
False
Is 44927 a prime number?
True
Is 11981 prime?
True
Is 155177 prime?
False
Is 38823 a composite number?
True
Is 172279 a composite number?
False
Is 463783 prime?
False
Is 25097 a prime number?
True
Is 154927 a prime number?
True
Is 8419 prime?
True
Is 294943 a prime number?
False
Is 1174053 a composite number?
True
Is 2358311 a composite number?
False
Is 4453351 prime?
False
Is 591253 a composite number?
True
Is 31883 a prime number?
True
Is 1289099 a prime number?
False
Is 155323 composite?
True
Is 586439 prime?
False
Is 84562 a prime number?
False
Is 34631 prime?
True
Is 172567 a composite number?
True
Is 6637 a prime number?
True
Is 85411 prime?
True
Is 849247 prime?
False
Is 134471 composite?
False
Is 124087 a prime number?
True
Is 12938 prime?
False
Is 109805 a prime number?
False
Is 14257 a composite number?
True
Is 11549 a composite number?
False
Is 567085 a composite number?
True
Is 409569 composite?
True
Is 2491 composite?
True
Is 127087 a prime number?
False
Is 16649 a composite number?
False
Is 1117 prime?
True
Is 21553 prime?
False
Is 1352957 a composite number?
False
Is 677 a prime number?
True
Is 275299 a composite number?
False
Is 39253 prime?
False
Is 43441 prime?
True
Is 56969 composite?
True
Is 827581 a composite number?
False
Is 224563 prime?
True
Is 104947 a prime number?
True
Is 15089 prime?
False
Is 18041 a prime number?
True
Is 24233 a prime number?
False
Is 57049 prime?
False
Is 63647 prime?
True
Is 4535 composite?
True
Is 31303 composite?
True
Is 527 a prime number?
False
Is 2759 prime?
False
Is 254741 a prime number?
True
Is 1566437 composite?
True
Is 1604497 a composite number?
False
Is 1028773 prime?
True
Is 100933 prime?
False
Is 130903 a composite number?
True
Is 206002 a composite number?
True
Is 817879 composite?
True
Is 4